11*w = 6*w - 5*r + 10, 0 = 5*w + 4*r - 5. Let c be (-1)/w - (-10248)/252. What is the highest common factor of 328 and c?
41
Let f = 25 - -8. Suppose -314*b - 217*b + 471086 = -2035. What is the greatest common divisor of b and f?
33
Let h be (7/(-4))/((-1)/20). Let g = h + -11. Suppose 384 = 71*w - 69*w. What is the greatest common factor of g and w?
24
Suppose 6 = -3*z, -7*t - 507 = -12*t - 4*z. What is the greatest common factor of t and 2?
1
Let w = -119 - -73. Let d be (-24)/(w/14 + 3). Suppose -3*a - 3*a = -d. What is the greatest common factor of a and 14?
14
Suppose -8*w + 5*r = -101, 1615*w - 5*r - 65 = 1610*w. Suppose 1752 = 4*z - 2*z. Calculate the greatest common factor of z and w.
12
Let p be (16 - 5) + -4 + 425. Let b(q) = q**2 - 14*q + 51. Let z be b(12). What is the highest common factor of z and p?
27
Let b = 28756 + -20020. What is the greatest common factor of b and 84?
84
Suppose -142*c + 139*c - 30 = 0. Let p be (19 - 13)*c/(-12)*10. Calculate the highest common divisor of p and 450.
50
Let p(y) = 2*y**3 + 85*y**2 - 44*y - 41. Let t be p(-43). Let h be (2*t)/1*30/40. Calculate the greatest common factor of h and 3.
3
Let v be 2/(-10) - (-7720)/100. Suppose 5*o - 4*m - 151 = 0, 2*m - m - v = -3*o. Calculate the highest common factor of o and 162.
27
Let v be (-107)/321 - (22/(-3) - -1). Suppose -v*c = -1068 + 270. Let g = 5 - -14. Calculate the greatest common factor of c and g.
19
Let v be 3*17*(6/(-8))/(54/(-72)). What is the highest common divisor of v and 261?
3
Let l(a) = 47*a**2 - 19*a + 32. Let t be (36/(-24))/((-6)/8). Let o be l(t). Calculate the highest common factor of 52 and o.
26
Let j(a) = -723*a - 210. Let d be j(-1). Calculate the greatest common factor of 117 and d.
9
Suppose -2*h + 26*s = 25*s - 956, -3*h - 4*s = -1467. What is the greatest common divisor of h and 518?
37
Suppose -4*q + 680 = 2*o, 36 = -3*o + 2*q + 1088. Let g = 1245 - o. Calculate the greatest common factor of 39 and g.
39
Let x = 278 + -260. Let l(o) = -53*o - 6. Let d be l(-3). What is the greatest common divisor of d and x?
9
Suppose 492*w = 469*w + 3220. What is the greatest common factor of w and 1645?
35
Suppose 5*v - 11 = u, u + 0*v = -v - 5. Let t be 200/u*(-54)/30. Calculate the greatest common factor of 6 and t.
6
Let z = 2992 - -10818. What is the highest common factor of 20 and z?
10
Let s be -3 + 24 + 26 + 1081. Calculate the highest common factor of 4794 and s.
282
Let s(w) = w**2 + 5. Let p be s(-11). Let q = -26 - -4. Let m = q - -64. Calculate the greatest common divisor of m and p.
42
Suppose -3*m = -0*m - 6. Suppose 4*t = -3*q - 332 + 26, m*q + 74 = -t. Let i be (9/2)/(2 - t/(-48)). What is the greatest common divisor of i and 72?
12
Let b(q) = -2*q + 9. Let r be b(4). Let z be (-3)/5 - ((-264)/40 + -7). Calculate the greatest common divisor of r and z.
1
Suppose 12*r - 52 = 10*r. Suppose 6*i - r = -14. Let q be i/(-8) - 4685/(-20). What is the greatest common divisor of 26 and q?
26
Suppose -4*n - h = n - 212, -4*n - 4*h = -176. Suppose -x + 21 = i, -i - i - 3*x + n = 0. Calculate the highest common factor of 63 and i.
21
Let v be (15/10)/((-27)/6 + 5). Suppose -171 = -v*w + 3*t, 10*t = 5*t + 15. What is the highest common divisor of 72 and w?
12
Suppose 2 + 0 = x. Let y be ((-119)/(-35) - 5)/(x/(-15)). What is the highest common divisor of y and 96?
12
Let r(g) be the third derivative of -43*g**4/24 - 68*g**3/3 + 4*g**2 - 7. Let w be r(-4). What is the greatest common divisor of w and 372?
12
Let f(j) = 2*j**2 - 2*j - 13. Let m be f(5). Let p be (((-120)/14)/5)/(76/(-2394)). What is the greatest common divisor of p and m?
27
Let r(v) = v**3 + 9*v**2 + 18*v + 45. Let a be 165/(-25) + 6/10. Let y be r(a). Calculate the greatest common divisor of y and 105.
15
Suppose -10*r = -18 - 2. Suppose c + 44 = r*z, 0 = 5*c - 2 + 22. Calculate the highest common divisor of 100 and z.
20
Suppose 3*s + 2 = 5. Let f(o) = s - 2*o - 216*o**2 + 133*o**2 + 114*o**2. Let y be f(1). Calculate the greatest common factor of 6 and y.
6
Let x(a) = 20*a + 2667. Let c be x(-112). Calculate the greatest common factor of c and 976.
61
Suppose 3*i + 46 - 116 = -5*d, 4*i - 31 = -d. Let h = 36 - 72. Let j = 85 - h. What is the greatest common divisor of j and d?
11
Suppose -10*o = -11*o + 45. Suppose 3*k - 4*y = 3, 2*y + 4 = -4*k - 14. Let g(t) = -9*t + 3. Let r be g(k). Calculate the highest common divisor of r and o.
15
Suppose -2*a = 5*r - 2*r + 350, -4*r = 0. Let c = 121 + a. Let s = 87 + c. What is the greatest common factor of 297 and s?
33
Let x = -11 - -18. Suppose 3*s + 5*r - x = 0, -5*s - 4*r + 5 = r. Let o be s/(-4) - 33/(-44). What is the greatest common divisor of o and 9?
1
Let i(f) = 3*f - 22*f**2 + 7 + 24*f**2 + 5 - 2. Let v be i(-6). Let h = v + -54. What is the highest common divisor of 80 and h?
10
Let z = 93 - 87. Let c be (-4)/z + 580/6. What is the greatest common factor of 6 and c?
6
Let k be ((1/(-1))/(-2))/(37/(-6438)). Let v = k + 147. Calculate the highest common factor of v and 45.
15
Let q be (-388)/(-20) - (-320)/200. Suppose -h + 0*h - 4*n + 239 = 0, -3*h + 685 = -4*n. Calculate the greatest common divisor of q and h.
21
Let p(d) = 2*d + 8. Let v be p(-4). Let k be v/(-6 + 5) - -5. Suppose k*z + 421 = 1541. Calculate the highest common divisor of 28 and z.
28
Let o(h) = -55*h + 2688. Let b be o(48). What is the highest common divisor of 102 and b?
6
Let m be (-247)/(-13) - (6/(-14) + (-135)/(-21)). Calculate the highest common divisor of 49452 and m.
13
Suppose 0 = 12*j - 114 + 54. Suppose -227 = -j*m + 4*z - 79, 0 = 3*m - z - 86. What is the greatest common factor of m and 42?
14
Suppose 4 = b + 2*s, -b + 9 = 4*b - s. Suppose -i - 32 = -4*u + 3*i, -i = u + b. Calculate the highest common divisor of u and 4.
1
Let q = 112 - 70. Let a be ((-4)/(-6))/(q/2205). Calculate the highest common divisor of a and 21.
7
Let a be (-8)/(-2 - 0) + -4. Let l be 6 + a - 60/12. Suppose 12*o = 15*o - 21. What is the highest common factor of l and o?
1
Let d = -21459 + 80388. What is the greatest common factor of 39 and d?
39
Let o be (-21)/(-5 + -3 - -5)*5 + 0 + -7. Let i be (-2)/(-3) - 599/3. Let a = 25 - i. What is the greatest common divisor of a and o?
28
Let f be 6 - 1 - (-7)/(6 - 13). Let a be (-51)/(f + (-286)/70). Calculate the greatest common factor of 85 and a.
85
Let u = -133 + 32. Let f = u + 143. Suppose -46*g + f*g + 40 = 0. What is the greatest common factor of 30 and g?
10
Let f(l) = l**3 + 14*l**2 + 17*l + 50. Let y be f(-13). Let r be (-105)/(-2) - 1/y. What is the greatest common factor of 159 and r?
53
Suppose 0 = 32*o + 15348 + 1580. Let x = 676 + o. Calculate the highest common factor of x and 21.
21
Let z = 32 + -50. Suppose w - 50 = -c, 5*w = 2*c + 2*c - 164. Let g = c + z. Calculate the greatest common divisor of g and 308.
28
Let w = -15 + 7. Let s be (-4 - 48/(-20))/(w/1100). What is the highest common factor of s and 20?
20
Suppose 2*j - 70 = -3*j. Let d(k) = 2*k**2 + 11*k + 28. Let u be d(-6). Suppose u*v - 11*v - 483 = 0. Calculate the greatest common divisor of j and v.
7
Suppose -2*m + y + 162 = 0, 5*m = -3*y - 17 + 389. Calculate the highest common factor of m and 11128.
26
Suppose -2*v + 164 = 4*d, 5*d + 52*v - 215 = 47*v. Let b(q) = 90*q + 3. Let s be b(3). Calculate the greatest common divisor of s and d.
39
Let l = 148 + -128. Suppose m + 4*n - l = -m, m = 2*n + 22. Let c = -21 - -61. What is the greatest common factor of c and m?
8
Let o = 16 + -8. Suppose 25*k - 27 = 28*k, -146 = -g + 2*k. What is the highest common factor of o and g?
8
Let u be 24 + (6 - -19) + 9. Suppose 62 = 5*a - 663. Suppose 3*g + 2*g = a. Calculate the greatest common divisor of g and u.
29
Let n be (456/(-60) - -8)/((-2)/(-31270)). Calculate the greatest common factor of n and 106.
106
Let u(i) = 5*i**2 - 26*i - 19. Let o be u(11). Let v be 120/o - 138/(-5). What is the highest common factor of v and 812?
28
Suppose 3*o = -9, -2*f = -4*o + 406 - 5586. What is the greatest common factor of f and 1088?
136
Let u(j) = -j**3 - 30*j**2 + 73*j - 138. Let v be u(-33). What is the greatest common factor of v and 960?
240
Let t be 2/16*92*2*-4. Let f = -8 - t. What is the greatest common factor of f and 378?
42
Let j = -10049 - -